{"id":12,"date":"2018-09-03T19:27:53","date_gmt":"2018-09-03T18:27:53","guid":{"rendered":"http:\/\/appebenin.com\/?page_id=12"},"modified":"2024-06-09T15:14:57","modified_gmt":"2024-06-09T14:14:57","slug":"nos-membres","status":"publish","type":"page","link":"https:\/\/appebenin.com\/index.php\/nos-membres\/","title":{"rendered":"Nos membres"},"content":{"rendered":"\n<div class=\"wp-block-media-text alignwide\" style=\"grid-template-columns:19% auto\"><figure class=\"wp-block-media-text__media\"><img loading=\"lazy\" decoding=\"async\" width=\"422\" height=\"581\" src=\"https:\/\/appebenin.com\/wp-content\/uploads\/2019\/11\/Bernard-APPE.jpg\" alt=\"Bernard\" class=\"wp-image-499 size-full\" srcset=\"https:\/\/appebenin.com\/wp-content\/uploads\/2019\/11\/Bernard-APPE.jpg 422w, https:\/\/appebenin.com\/wp-content\/uploads\/2019\/11\/Bernard-APPE-218x300.jpg 218w\" sizes=\"auto, (max-width: 422px) 100vw, 422px\" \/><\/figure><div class=\"wp-block-media-text__content\">\n<p class=\"has-medium-font-size\"><strong>Bernard AHISSOU<\/strong><\/p>\n\n\n\n<p>Membre<br><strong><em>Secr\u00e9taire<\/em> <em>G<strong>\u00e9<\/strong>n<strong>\u00e9<\/strong>ral<\/em><\/strong><br>bernardahissoum@gmail.com<br>N\u00e9 le 09 D\u00e9cembre 1955 \u00e0 Adjohoun<br>Administrateur du Travail et de la Main d\u2019Oeuvre \u00e0 la retraite <br>Expert en relations professionnelles<br>Consultant en mati\u00e8re sociale.<\/p>\n<\/div><\/div>\n\n\n\n<hr>\n\n\n\n<div class=\"wp-block-media-text alignwide\" style=\"grid-template-columns:19% auto\"><figure class=\"wp-block-media-text__media\"><img loading=\"lazy\" decoding=\"async\" width=\"413\" height=\"531\" src=\"https:\/\/appebenin.com\/wp-content\/uploads\/2019\/12\/Emmanuel.jpg\" alt=\"Emmanuel\" class=\"wp-image-607 size-full\" srcset=\"https:\/\/appebenin.com\/wp-content\/uploads\/2019\/12\/Emmanuel.jpg 413w, https:\/\/appebenin.com\/wp-content\/uploads\/2019\/12\/Emmanuel-233x300.jpg 233w\" sizes=\"auto, (max-width: 413px) 100vw, 413px\" \/><\/figure><div class=\"wp-block-media-text__content\">\n<p class=\"has-medium-font-size\"><strong>Emmanuel AVISSOUDO<\/strong><\/p>\n\n\n\n<p>Membre<br>eavissoudo@gmail.com<br>N\u00e9 le 31 D\u00e9cembre 1959<br>Cadre sup\u00e9rieur BCEAO Si\u00e8ge \u00e0 la retraite<br>Ancien Adjoint au Directeur des Affaires bancaires et du Financement des \u00e9conomies \u00e0 BCEAO Si\u00e8ge.<\/p>\n<\/div><\/div>\n\n\n\n<hr>\n\n\n\n<div class=\"wp-block-media-text alignwide\" style=\"grid-template-columns:19% auto\"><figure class=\"wp-block-media-text__media\"><img loading=\"lazy\" decoding=\"async\" width=\"1024\" height=\"1014\" src=\"https:\/\/appebenin.com\/wp-content\/uploads\/2019\/02\/Emile-Bognon-1024x1014.jpg\" alt=\"\" class=\"wp-image-345 size-full\" srcset=\"https:\/\/appebenin.com\/wp-content\/uploads\/2019\/02\/Emile-Bognon-1024x1014.jpg 1024w, https:\/\/appebenin.com\/wp-content\/uploads\/2019\/02\/Emile-Bognon-150x150.jpg 150w, https:\/\/appebenin.com\/wp-content\/uploads\/2019\/02\/Emile-Bognon-300x297.jpg 300w, https:\/\/appebenin.com\/wp-content\/uploads\/2019\/02\/Emile-Bognon-768x760.jpg 768w, https:\/\/appebenin.com\/wp-content\/uploads\/2019\/02\/Emile-Bognon.jpg 1115w\" sizes=\"auto, (max-width: 1024px) 100vw, 1024px\" \/><\/figure><div class=\"wp-block-media-text__content\">\n<p class=\"has-medium-font-size\"><strong>Emile BOGNON <\/strong><\/p>\n\n\n\n<p>Membre fondateur<br><em><strong>Charg\u00e9 a l&rsquo;organisation<\/strong><\/em><br>emilebognon265@gmail.com<br>N\u00e9 le 11 Mars 1953 Adjudant -Chef \u00e0 la retraite.<br>Ancien agent comptable \u00e0 la DSI B\u00e9nin.<br>Ancien R\u00e9gisseur au Groupement National des Sapeurs Pompiers du B\u00e9nin.<\/p>\n<\/div><\/div>\n\n\n\n<hr>\n\n\n\n<div class=\"wp-block-media-text alignwide\" style=\"grid-template-columns:19% auto\"><figure class=\"wp-block-media-text__media\"><img loading=\"lazy\" decoding=\"async\" width=\"688\" height=\"885\" src=\"https:\/\/appebenin.com\/wp-content\/uploads\/2024\/05\/Membre-APPE.jpg\" alt=\"\" class=\"wp-image-1127 size-full\" srcset=\"https:\/\/appebenin.com\/wp-content\/uploads\/2024\/05\/Membre-APPE.jpg 688w, https:\/\/appebenin.com\/wp-content\/uploads\/2024\/05\/Membre-APPE-233x300.jpg 233w\" sizes=\"auto, (max-width: 688px) 100vw, 688px\" \/><\/figure><div class=\"wp-block-media-text__content\">\n<p class=\"has-medium-font-size\"><strong>Sourou Ferdinand BOTON<\/strong><\/p>\n\n\n\n<p>Membre<br>email: fboton.fb@gmail.com<br>N\u00e9 le 22 D\u00e9cembre 1974 \u00e0 Cotonou<br>Enseignant chercheur<\/p>\n<\/div><\/div>\n\n\n\n<hr>\n\n\n\n<div class=\"wp-block-media-text alignwide\" style=\"grid-template-columns:19% auto\"><figure class=\"wp-block-media-text__media\"><img loading=\"lazy\" decoding=\"async\" width=\"181\" height=\"233\" src=\"https:\/\/appebenin.com\/wp-content\/uploads\/2024\/05\/Roger-Dah-Achinanon.jpg\" alt=\"\" class=\"wp-image-1131 size-full\"\/><\/figure><div class=\"wp-block-media-text__content\">\n<p class=\"has-medium-font-size\"><strong>Roger DAH-ACHINANON<\/strong><\/p>\n\n\n\n<p>Membre fondateur<br><em><strong>Pr\u00e9sident<\/strong><\/em><br>semako1234@gmail.com<br>N\u00e9 le 13 Mai 1955<br>Cadre Sup\u00e9rieur \/ Administrateur de Banque \u00e0la retraite.<br>Ancien Directeur Regional UEMOA+Cap Vert du groupe Ecobank<br>Ancien DG Ecobank TOGO\/BURKINA\/BENIN<\/p>\n<\/div><\/div>\n\n\n\n<hr>\n\n\n\n<div class=\"wp-block-media-text alignwide\" style=\"grid-template-columns:19% auto\"><figure class=\"wp-block-media-text__media\"><img loading=\"lazy\" decoding=\"async\" width=\"450\" height=\"586\" src=\"https:\/\/appebenin.com\/wp-content\/uploads\/2019\/12\/Justin.jpg\" alt=\"\" class=\"wp-image-570 size-full\" srcset=\"https:\/\/appebenin.com\/wp-content\/uploads\/2019\/12\/Justin.jpg 450w, https:\/\/appebenin.com\/wp-content\/uploads\/2019\/12\/Justin-230x300.jpg 230w\" sizes=\"auto, (max-width: 450px) 100vw, 450px\" \/><\/figure><div class=\"wp-block-media-text__content\">\n<p class=\"has-medium-font-size\"><strong>Justin DANSOU<\/strong><\/p>\n\n\n\n<p>Membre fondateur<br><strong><em>Tr\u00e9sorier g\u00e9n\u00e9ral<\/em><\/strong><br>adjuste@hotmail.com<br>N\u00e9 le 16\/11\/1960<br>PDG Ameublement Dansou et Fils (ADF)<\/p>\n<\/div><\/div>\n\n\n\n<hr>\n\n\n\n<div class=\"wp-block-media-text is-stacked-on-mobile\" style=\"grid-template-columns:19% auto\"><figure class=\"wp-block-media-text__media\"><img loading=\"lazy\" decoding=\"async\" width=\"475\" height=\"528\" src=\"https:\/\/appebenin.com\/wp-content\/uploads\/2024\/05\/dossou.jpg\" alt=\"\" class=\"wp-image-1126 size-full\" srcset=\"https:\/\/appebenin.com\/wp-content\/uploads\/2024\/05\/dossou.jpg 475w, https:\/\/appebenin.com\/wp-content\/uploads\/2024\/05\/dossou-270x300.jpg 270w\" sizes=\"auto, (max-width: 475px) 100vw, 475px\" \/><\/figure><div class=\"wp-block-media-text__content\">\n<p class=\"has-medium-font-size\"><strong>Sulpice DOSSOU<\/strong><\/p>\n\n\n\n<p>Membre<br>email: sulpicedossou@yahoo.fr<br>N\u00e9 le 1er Avril 1954 \u00e0 Adjohoun<br>Inspecteur de l\u2019Enseignement du Premier Degr\u00e9<br>Sociologue-Anthropologue<br>Sp\u00e9cialiste en \u00e9ducation<\/p>\n<\/div><\/div>\n\n\n\n<hr>\n\n\n\n<div class=\"wp-block-media-text alignwide\" style=\"grid-template-columns:19% auto\"><figure class=\"wp-block-media-text__media\"><img loading=\"lazy\" decoding=\"async\" width=\"1024\" height=\"831\" src=\"https:\/\/appebenin.com\/wp-content\/uploads\/2019\/11\/Yves-APPE-1024x831.jpg\" alt=\"Yves\" class=\"wp-image-506 size-full\" srcset=\"https:\/\/appebenin.com\/wp-content\/uploads\/2019\/11\/Yves-APPE-1024x831.jpg 1024w, https:\/\/appebenin.com\/wp-content\/uploads\/2019\/11\/Yves-APPE-300x243.jpg 300w, https:\/\/appebenin.com\/wp-content\/uploads\/2019\/11\/Yves-APPE-768x623.jpg 768w, https:\/\/appebenin.com\/wp-content\/uploads\/2019\/11\/Yves-APPE.jpg 1509w\" sizes=\"auto, (max-width: 1024px) 100vw, 1024px\" \/><\/figure><div class=\"wp-block-media-text__content\">\n<p class=\"has-medium-font-size\"><strong>Yves FADJINOU<\/strong><\/p>\n\n\n\n<p>Membre fondateur<br><em><strong>Charg\u00e9 de la communication et porte parole de l&rsquo;APPE<\/strong><\/em><br>email: houetondji@yahoo.fr<br>N\u00e9 le 22 Mai 1956<br>Ingenieur des T\u00e9l\u00e9communications retrait\u00e9 de B\u00e9nin T\u00e9l\u00e9coms SA<br>Enseignant en R\u00e9seaux des T\u00e9l\u00e9coms.<\/p>\n<\/div><\/div>\n\n\n\n<hr>\n\n\n\n<div class=\"wp-block-media-text alignwide\" style=\"grid-template-columns:19% auto\"><figure class=\"wp-block-media-text__media\"><img loading=\"lazy\" decoding=\"async\" width=\"688\" height=\"885\" src=\"https:\/\/appebenin.com\/wp-content\/uploads\/2024\/05\/Membre-APPE.jpg\" alt=\"\" class=\"wp-image-1127 size-full\" srcset=\"https:\/\/appebenin.com\/wp-content\/uploads\/2024\/05\/Membre-APPE.jpg 688w, https:\/\/appebenin.com\/wp-content\/uploads\/2024\/05\/Membre-APPE-233x300.jpg 233w\" sizes=\"auto, (max-width: 688px) 100vw, 688px\" \/><\/figure><div class=\"wp-block-media-text__content\">\n<p class=\"has-medium-font-size\"><strong>Dieudonn\u00e9 <strong>GNONLONFOUN <\/strong><\/strong><\/p>\n\n\n\n<p>Membre<br>email: dieudonne.gnonlonfoun@gmail.com<br>N\u00e9 le 22 D\u00e9cembre 1974 \u00e0 Cotonou<br>Professeur de Neurologie \u00e0 l&rsquo; UAC<\/p>\n<\/div><\/div>\n\n\n\n<hr>\n\n\n\n<div class=\"wp-block-media-text alignwide\" style=\"grid-template-columns:19% auto\"><figure class=\"wp-block-media-text__media\"><img loading=\"lazy\" decoding=\"async\" width=\"543\" height=\"654\" src=\"https:\/\/appebenin.com\/wp-content\/uploads\/2019\/12\/appolinaire.jpg\" alt=\"Appolinaire\" class=\"wp-image-575 size-full\" srcset=\"https:\/\/appebenin.com\/wp-content\/uploads\/2019\/12\/appolinaire.jpg 543w, https:\/\/appebenin.com\/wp-content\/uploads\/2019\/12\/appolinaire-249x300.jpg 249w\" sizes=\"auto, (max-width: 543px) 100vw, 543px\" \/><\/figure><div class=\"wp-block-media-text__content\">\n<p class=\"has-medium-font-size\"><strong>Apollinaire HONTONNOU<\/strong><\/p>\n\n\n\n<p>Membre fondateur<br><strong><em>Charg\u00e9 du Suivi des Projets<\/em><\/strong><br>olaupaf@yahoo.fr<br>N\u00e9 le 09 F\u00e9vrier 1960.<br>Comptable-gestionnaire des entreprises.<br>Ancien chef service commercial \u00e0 Pro\u2019mousse<\/p>\n<\/div><\/div>\n\n\n\n<hr>\n\n\n\n<div class=\"wp-block-media-text alignwide\" style=\"grid-template-columns:20% auto\"><figure class=\"wp-block-media-text__media\"><img loading=\"lazy\" decoding=\"async\" width=\"688\" height=\"885\" src=\"https:\/\/appebenin.com\/wp-content\/uploads\/2019\/11\/Vladmir-APPE.jpg\" alt=\"Vladmir\" class=\"wp-image-502 size-full\" srcset=\"https:\/\/appebenin.com\/wp-content\/uploads\/2019\/11\/Vladmir-APPE.jpg 688w, https:\/\/appebenin.com\/wp-content\/uploads\/2019\/11\/Vladmir-APPE-233x300.jpg 233w\" sizes=\"auto, (max-width: 688px) 100vw, 688px\" \/><\/figure><div class=\"wp-block-media-text__content\">\n<p class=\"has-medium-font-size\"><strong>Vladimir  KIKI<\/strong><\/p>\n\n\n\n<p>Membre<br>sekande.kiki@gmail.com<br>N\u00e9 le 14 \/02\/1980 \u00e0 Cotonou<br>Chef d&rsquo;entreprise \u00e0 ParisConseil &#8211; s\u00fbret\u00e9 et s\u00e9curit\u00e9 strat\u00e9gique<br>Expert en marketing et CommunicationR\u00e9sidant&nbsp; Fran\u00e7ais<\/p>\n<\/div><\/div>\n\n\n\n<hr>\n\n\n\n<div class=\"wp-block-media-text alignwide\" style=\"grid-template-columns:20% auto\"><figure class=\"wp-block-media-text__media\"><img loading=\"lazy\" decoding=\"async\" width=\"850\" height=\"1024\" src=\"https:\/\/appebenin.com\/wp-content\/uploads\/2024\/01\/Sagbo-gratien-APPE-850x1024.jpg\" alt=\"\" class=\"wp-image-1072 size-full\" srcset=\"https:\/\/appebenin.com\/wp-content\/uploads\/2024\/01\/Sagbo-gratien-APPE-850x1024.jpg 850w, https:\/\/appebenin.com\/wp-content\/uploads\/2024\/01\/Sagbo-gratien-APPE-249x300.jpg 249w, https:\/\/appebenin.com\/wp-content\/uploads\/2024\/01\/Sagbo-gratien-APPE-768x926.jpg 768w, https:\/\/appebenin.com\/wp-content\/uploads\/2024\/01\/Sagbo-gratien-APPE.jpg 1062w\" sizes=\"auto, (max-width: 850px) 100vw, 850px\" \/><\/figure><div class=\"wp-block-media-text__content\">\n<p class=\"has-medium-font-size\"><strong>Godonou Gratien SAGBO<\/strong><\/p>\n\n\n\n<p>Membre<br><strong><em>Commissaire aux comptes<\/em><\/strong><br>godsagbo@yahoo.fr<br>N\u00e9 le 04\/03\/1958 \u00e0 Adjohoun<br>Professeur Titulaire de P\u00e9diatrie \u00e0 la retraite<\/p>\n<\/div><\/div>\n\n\n\n<hr class=\"wp-block-separator has-alpha-channel-opacity\"\/>\n","protected":false},"excerpt":{"rendered":"<p>Bernard AHISSOU MembreSecr\u00e9taire G\u00e9n\u00e9ralbernardahissoum@gmail.comN\u00e9 le 09 D\u00e9cembre 1955 \u00e0 AdjohounAdministrateur du Travail et de la Main d\u2019Oeuvre \u00e0 la retraite<\/p>\n","protected":false},"author":1,"featured_media":0,"parent":0,"menu_order":0,"comment_status":"closed","ping_status":"closed","template":"","meta":{"colormag_page_container_layout":"default_layout","colormag_page_sidebar_layout":"default_layout","_themeisle_gutenberg_block_has_review":false,"footnotes":""},"class_list":["post-12","page","type-page","status-publish","hentry"],"_links":{"self":[{"href":"https:\/\/appebenin.com\/index.php\/wp-json\/wp\/v2\/pages\/12","targetHints":{"allow":["GET"]}}],"collection":[{"href":"https:\/\/appebenin.com\/index.php\/wp-json\/wp\/v2\/pages"}],"about":[{"href":"https:\/\/appebenin.com\/index.php\/wp-json\/wp\/v2\/types\/page"}],"author":[{"embeddable":true,"href":"https:\/\/appebenin.com\/index.php\/wp-json\/wp\/v2\/users\/1"}],"replies":[{"embeddable":true,"href":"https:\/\/appebenin.com\/index.php\/wp-json\/wp\/v2\/comments?post=12"}],"version-history":[{"count":31,"href":"https:\/\/appebenin.com\/index.php\/wp-json\/wp\/v2\/pages\/12\/revisions"}],"predecessor-version":[{"id":1174,"href":"https:\/\/appebenin.com\/index.php\/wp-json\/wp\/v2\/pages\/12\/revisions\/1174"}],"wp:attachment":[{"href":"https:\/\/appebenin.com\/index.php\/wp-json\/wp\/v2\/media?parent=12"}],"curies":[{"name":"wp","href":"https:\/\/api.w.org\/{rel}","templated":true}]}}